{"id":3239,"date":"2023-05-10T09:13:01","date_gmt":"2023-05-10T09:13:01","guid":{"rendered":"https:\/\/bari-emballage.com\/production\/?post_type=product&#038;p=3239"},"modified":"2023-05-10T09:15:00","modified_gmt":"2023-05-10T09:15:00","slug":"sac-en-papier-couche-blanc-personnalise","status":"publish","type":"product","link":"https:\/\/bari-emballage.com\/production\/produit\/sac-en-papier-couche-blanc-personnalise\/","title":{"rendered":"SAC EN PAPIER COUCH\u00c9 BLANC PERSONNALIS\u00c9"},"content":{"rendered":null,"protected":false},"excerpt":{"rendered":"<p>Le sac en papier couch\u00e9 blanc personnalis\u00e9 est un produit \u00e9l\u00e9gant et pratique qui vous permet de transporter vos articles avec style tout en contribuant \u00e0 la protection de l&#8217;environnement. Fabriqu\u00e9 \u00e0 partir de mat\u00e9riaux de qualit\u00e9 sup\u00e9rieure, ce sac en papier couch\u00e9 offre une r\u00e9sistance optimale pour un usage quotidien. Personnalisez-le avec votre logo ou votre message pour une visibilit\u00e9 maximale de votre entreprise.<\/p>\n<p>Le papier couch\u00e9 utilis\u00e9 pour la fabrication de nos sacs est biod\u00e9gradable et recyclable, ce qui en fait une alternative \u00e9cologique et durable aux sacs en plastique. Avec ses poign\u00e9es solides, ce sac est pratique pour transporter des articles de toutes sortes en toute s\u00e9curit\u00e9.<\/p>\n<p>L&#8217;apparence lisse et soign\u00e9e de ce sac en papier couch\u00e9 blanc personnalis\u00e9 en fait un choix \u00e9l\u00e9gant pour promouvoir votre marque. Utilisez-le lors de vos \u00e9v\u00e9nements promotionnels ou offrez-le comme cadeau d&#8217;entreprise pour une visibilit\u00e9 accrue de votre entreprise. Optez pour un choix respectueux de l&#8217;environnement et personnalis\u00e9 avec notre sac en papier couch\u00e9 blanc personnalis\u00e9.<\/p>\n","protected":false},"featured_media":3230,"comment_status":"open","ping_status":"closed","template":"","meta":[],"product_cat":[107],"product_tag":[],"class_list":["post-3239","product","type-product","status-publish","has-post-thumbnail","hentry","product_cat-publicitaire-cadeaux","pa_dimension-25-8-37"],"yoast_head":"<!-- This site is optimized with the Yoast SEO plugin v20.1 - https:\/\/yoast.com\/wordpress\/plugins\/seo\/ -->\n<title>SAC EN PAPIER COUCH\u00c9 BLANC PERSONNALIS\u00c9 - BARI EMBALLAGE<\/title>\n<meta name=\"robots\" content=\"index, follow, max-snippet:-1, max-image-preview:large, max-video-preview:-1\" \/>\n<link rel=\"canonical\" href=\"https:\/\/bari-emballage.com\/production\/produit\/sac-en-papier-couche-blanc-personnalise\/\" \/>\n<meta property=\"og:locale\" content=\"fr_FR\" \/>\n<meta property=\"og:type\" content=\"article\" \/>\n<meta property=\"og:title\" content=\"SAC EN PAPIER COUCH\u00c9 BLANC PERSONNALIS\u00c9 - BARI EMBALLAGE\" \/>\n<meta property=\"og:description\" content=\"Le sac en papier couch\u00e9 blanc personnalis\u00e9 est un produit \u00e9l\u00e9gant et pratique qui vous permet de transporter vos articles avec style tout en contribuant \u00e0 la protection de l&#039;environnement. Fabriqu\u00e9 \u00e0 partir de mat\u00e9riaux de qualit\u00e9 sup\u00e9rieure, ce sac en papier couch\u00e9 offre une r\u00e9sistance optimale pour un usage quotidien. Personnalisez-le avec votre logo ou votre message pour une visibilit\u00e9 maximale de votre entreprise.  Le papier couch\u00e9 utilis\u00e9 pour la fabrication de nos sacs est biod\u00e9gradable et recyclable, ce qui en fait une alternative \u00e9cologique et durable aux sacs en plastique. Avec ses poign\u00e9es solides, ce sac est pratique pour transporter des articles de toutes sortes en toute s\u00e9curit\u00e9.  L&#039;apparence lisse et soign\u00e9e de ce sac en papier couch\u00e9 blanc personnalis\u00e9 en fait un choix \u00e9l\u00e9gant pour promouvoir votre marque. Utilisez-le lors de vos \u00e9v\u00e9nements promotionnels ou offrez-le comme cadeau d&#039;entreprise pour une visibilit\u00e9 accrue de votre entreprise. Optez pour un choix respectueux de l&#039;environnement et personnalis\u00e9 avec notre sac en papier couch\u00e9 blanc personnalis\u00e9.\" \/>\n<meta property=\"og:url\" content=\"https:\/\/bari-emballage.com\/production\/produit\/sac-en-papier-couche-blanc-personnalise\/\" \/>\n<meta property=\"og:site_name\" content=\"BARI EMBALLAGE\" \/>\n<meta property=\"article:modified_time\" content=\"2023-05-10T09:15:00+00:00\" \/>\n<meta property=\"og:image\" content=\"https:\/\/bari-emballage.com\/production\/wp-content\/uploads\/2023\/05\/6-2.png\" \/>\n\t<meta property=\"og:image:width\" content=\"800\" \/>\n\t<meta property=\"og:image:height\" content=\"800\" \/>\n\t<meta property=\"og:image:type\" content=\"image\/png\" \/>\n<meta name=\"twitter:card\" content=\"summary_large_image\" \/>\n<script type=\"application\/ld+json\" class=\"yoast-schema-graph\">{\"@context\":\"https:\/\/schema.org\",\"@graph\":[{\"@type\":\"WebPage\",\"@id\":\"https:\/\/bari-emballage.com\/production\/produit\/sac-en-papier-couche-blanc-personnalise\/\",\"url\":\"https:\/\/bari-emballage.com\/production\/produit\/sac-en-papier-couche-blanc-personnalise\/\",\"name\":\"SAC EN PAPIER COUCH\u00c9 BLANC PERSONNALIS\u00c9 - BARI EMBALLAGE\",\"isPartOf\":{\"@id\":\"https:\/\/bari-emballage.com\/production\/#website\"},\"datePublished\":\"2023-05-10T09:13:01+00:00\",\"dateModified\":\"2023-05-10T09:15:00+00:00\",\"breadcrumb\":{\"@id\":\"https:\/\/bari-emballage.com\/production\/produit\/sac-en-papier-couche-blanc-personnalise\/#breadcrumb\"},\"inLanguage\":\"fr-FR\",\"potentialAction\":[{\"@type\":\"ReadAction\",\"target\":[\"https:\/\/bari-emballage.com\/production\/produit\/sac-en-papier-couche-blanc-personnalise\/\"]}]},{\"@type\":\"BreadcrumbList\",\"@id\":\"https:\/\/bari-emballage.com\/production\/produit\/sac-en-papier-couche-blanc-personnalise\/#breadcrumb\",\"itemListElement\":[{\"@type\":\"ListItem\",\"position\":1,\"name\":\"Accueil\",\"item\":\"https:\/\/bari-emballage.com\/production\/\"},{\"@type\":\"ListItem\",\"position\":2,\"name\":\"Nos Produits\",\"item\":\"https:\/\/bari-emballage.com\/production\/nos-produits\/\"},{\"@type\":\"ListItem\",\"position\":3,\"name\":\"SAC EN PAPIER COUCH\u00c9 BLANC PERSONNALIS\u00c9\"}]},{\"@type\":\"WebSite\",\"@id\":\"https:\/\/bari-emballage.com\/production\/#website\",\"url\":\"https:\/\/bari-emballage.com\/production\/\",\"name\":\"BARI EMBALLAGE\",\"description\":\"Leader du sac en papier publicitaire en Alg\u00e9rie\",\"publisher\":{\"@id\":\"https:\/\/bari-emballage.com\/production\/#organization\"},\"potentialAction\":[{\"@type\":\"SearchAction\",\"target\":{\"@type\":\"EntryPoint\",\"urlTemplate\":\"https:\/\/bari-emballage.com\/production\/?s={search_term_string}\"},\"query-input\":\"required name=search_term_string\"}],\"inLanguage\":\"fr-FR\"},{\"@type\":\"Organization\",\"@id\":\"https:\/\/bari-emballage.com\/production\/#organization\",\"name\":\"BARI EMBALLAGE\",\"url\":\"https:\/\/bari-emballage.com\/production\/\",\"logo\":{\"@type\":\"ImageObject\",\"inLanguage\":\"fr-FR\",\"@id\":\"https:\/\/bari-emballage.com\/production\/#\/schema\/logo\/image\/\",\"url\":\"https:\/\/bari-emballage.com\/production\/wp-content\/uploads\/2022\/02\/cropped-home-product-bg-2-2.png\",\"contentUrl\":\"https:\/\/bari-emballage.com\/production\/wp-content\/uploads\/2022\/02\/cropped-home-product-bg-2-2.png\",\"width\":512,\"height\":512,\"caption\":\"BARI EMBALLAGE\"},\"image\":{\"@id\":\"https:\/\/bari-emballage.com\/production\/#\/schema\/logo\/image\/\"}}]}<\/script>\n<!-- \/ Yoast SEO plugin. -->","yoast_head_json":{"title":"SAC EN PAPIER COUCH\u00c9 BLANC PERSONNALIS\u00c9 - BARI EMBALLAGE","robots":{"index":"index","follow":"follow","max-snippet":"max-snippet:-1","max-image-preview":"max-image-preview:large","max-video-preview":"max-video-preview:-1"},"canonical":"https:\/\/bari-emballage.com\/production\/produit\/sac-en-papier-couche-blanc-personnalise\/","og_locale":"fr_FR","og_type":"article","og_title":"SAC EN PAPIER COUCH\u00c9 BLANC PERSONNALIS\u00c9 - BARI EMBALLAGE","og_description":"Le sac en papier couch\u00e9 blanc personnalis\u00e9 est un produit \u00e9l\u00e9gant et pratique qui vous permet de transporter vos articles avec style tout en contribuant \u00e0 la protection de l'environnement. Fabriqu\u00e9 \u00e0 partir de mat\u00e9riaux de qualit\u00e9 sup\u00e9rieure, ce sac en papier couch\u00e9 offre une r\u00e9sistance optimale pour un usage quotidien. Personnalisez-le avec votre logo ou votre message pour une visibilit\u00e9 maximale de votre entreprise.  Le papier couch\u00e9 utilis\u00e9 pour la fabrication de nos sacs est biod\u00e9gradable et recyclable, ce qui en fait une alternative \u00e9cologique et durable aux sacs en plastique. Avec ses poign\u00e9es solides, ce sac est pratique pour transporter des articles de toutes sortes en toute s\u00e9curit\u00e9.  L'apparence lisse et soign\u00e9e de ce sac en papier couch\u00e9 blanc personnalis\u00e9 en fait un choix \u00e9l\u00e9gant pour promouvoir votre marque. Utilisez-le lors de vos \u00e9v\u00e9nements promotionnels ou offrez-le comme cadeau d'entreprise pour une visibilit\u00e9 accrue de votre entreprise. Optez pour un choix respectueux de l'environnement et personnalis\u00e9 avec notre sac en papier couch\u00e9 blanc personnalis\u00e9.","og_url":"https:\/\/bari-emballage.com\/production\/produit\/sac-en-papier-couche-blanc-personnalise\/","og_site_name":"BARI EMBALLAGE","article_modified_time":"2023-05-10T09:15:00+00:00","og_image":[{"width":800,"height":800,"url":"https:\/\/bari-emballage.com\/production\/wp-content\/uploads\/2023\/05\/6-2.png","type":"image\/png"}],"twitter_card":"summary_large_image","schema":{"@context":"https:\/\/schema.org","@graph":[{"@type":"WebPage","@id":"https:\/\/bari-emballage.com\/production\/produit\/sac-en-papier-couche-blanc-personnalise\/","url":"https:\/\/bari-emballage.com\/production\/produit\/sac-en-papier-couche-blanc-personnalise\/","name":"SAC EN PAPIER COUCH\u00c9 BLANC PERSONNALIS\u00c9 - BARI EMBALLAGE","isPartOf":{"@id":"https:\/\/bari-emballage.com\/production\/#website"},"datePublished":"2023-05-10T09:13:01+00:00","dateModified":"2023-05-10T09:15:00+00:00","breadcrumb":{"@id":"https:\/\/bari-emballage.com\/production\/produit\/sac-en-papier-couche-blanc-personnalise\/#breadcrumb"},"inLanguage":"fr-FR","potentialAction":[{"@type":"ReadAction","target":["https:\/\/bari-emballage.com\/production\/produit\/sac-en-papier-couche-blanc-personnalise\/"]}]},{"@type":"BreadcrumbList","@id":"https:\/\/bari-emballage.com\/production\/produit\/sac-en-papier-couche-blanc-personnalise\/#breadcrumb","itemListElement":[{"@type":"ListItem","position":1,"name":"Accueil","item":"https:\/\/bari-emballage.com\/production\/"},{"@type":"ListItem","position":2,"name":"Nos Produits","item":"https:\/\/bari-emballage.com\/production\/nos-produits\/"},{"@type":"ListItem","position":3,"name":"SAC EN PAPIER COUCH\u00c9 BLANC PERSONNALIS\u00c9"}]},{"@type":"WebSite","@id":"https:\/\/bari-emballage.com\/production\/#website","url":"https:\/\/bari-emballage.com\/production\/","name":"BARI EMBALLAGE","description":"Leader du sac en papier publicitaire en Alg\u00e9rie","publisher":{"@id":"https:\/\/bari-emballage.com\/production\/#organization"},"potentialAction":[{"@type":"SearchAction","target":{"@type":"EntryPoint","urlTemplate":"https:\/\/bari-emballage.com\/production\/?s={search_term_string}"},"query-input":"required name=search_term_string"}],"inLanguage":"fr-FR"},{"@type":"Organization","@id":"https:\/\/bari-emballage.com\/production\/#organization","name":"BARI EMBALLAGE","url":"https:\/\/bari-emballage.com\/production\/","logo":{"@type":"ImageObject","inLanguage":"fr-FR","@id":"https:\/\/bari-emballage.com\/production\/#\/schema\/logo\/image\/","url":"https:\/\/bari-emballage.com\/production\/wp-content\/uploads\/2022\/02\/cropped-home-product-bg-2-2.png","contentUrl":"https:\/\/bari-emballage.com\/production\/wp-content\/uploads\/2022\/02\/cropped-home-product-bg-2-2.png","width":512,"height":512,"caption":"BARI EMBALLAGE"},"image":{"@id":"https:\/\/bari-emballage.com\/production\/#\/schema\/logo\/image\/"}}]}},"_links":{"self":[{"href":"https:\/\/bari-emballage.com\/production\/wp-json\/wp\/v2\/product\/3239","targetHints":{"allow":["GET"]}}],"collection":[{"href":"https:\/\/bari-emballage.com\/production\/wp-json\/wp\/v2\/product"}],"about":[{"href":"https:\/\/bari-emballage.com\/production\/wp-json\/wp\/v2\/types\/product"}],"replies":[{"embeddable":true,"href":"https:\/\/bari-emballage.com\/production\/wp-json\/wp\/v2\/comments?post=3239"}],"wp:featuredmedia":[{"embeddable":true,"href":"https:\/\/bari-emballage.com\/production\/wp-json\/wp\/v2\/media\/3230"}],"wp:attachment":[{"href":"https:\/\/bari-emballage.com\/production\/wp-json\/wp\/v2\/media?parent=3239"}],"wp:term":[{"taxonomy":"product_cat","embeddable":true,"href":"https:\/\/bari-emballage.com\/production\/wp-json\/wp\/v2\/product_cat?post=3239"},{"taxonomy":"product_tag","embeddable":true,"href":"https:\/\/bari-emballage.com\/production\/wp-json\/wp\/v2\/product_tag?post=3239"}],"curies":[{"name":"wp","href":"https:\/\/api.w.org\/{rel}","templated":true}]}}